 number?
True
Is 77123 composite?
True
Is 59333 prime?
True
Is 48857 a composite number?
False
Is 2861 composite?
False
Is 15233 prime?
True
Is 56081 prime?
True
Is 3991 prime?
False
Is 29247 prime?
False
Is 91513 a composite number?
False
Is 3941 prime?
False
Is 1235903 prime?
False
Is 12197 a prime number?
True
Is 71999 a composite number?
False
Is 119285 a prime number?
False
Is 4350613 prime?
False
Is 3293 prime?
False
Is 159 prime?
False
Is 150649 a prime number?
True
Is 293 composite?
False
Is 67699 prime?
True
Is 597719 a composite number?
True
Is 2333 a composite number?
False
Is 1007711 a prime number?
True
Is 2787 prime?
False
Is 570091 a prime number?
True
Is 14834 prime?
False
Is 25729 prime?
False
Is 754651 prime?
True
Is 75079 a composite number?
False
Is 8887 prime?
True
Is 393779 a composite number?
False
Is 38299 composite?
False
Is 90247 a composite number?
False
Is 16381 prime?
True
Is 49505 composite?
True
Is 2173271 a prime number?
False
Is 323507 composite?
False
Is 1989145 composite?
True
Is 45665 composite?
True
Is 130957 composite?
False
Is 251449 composite?
True
Is 6049 a prime number?
False
Is 1607773 composite?
False
Is 58337 prime?
True
Is 38167 prime?
True
Is 110293 a composite number?
True
Is 137458 a prime number?
False
Is 533449 a prime number?
False
Is 5347 composite?
False
Is 2224141 a prime number?
True
Is 9173 composite?
False
Is 40423 a prime number?
True
Is 20711 composite?
True
Is 2927 composite?
False
Is 43469 composite?
True
Is 25219 a prime number?
True
Is 482423 a prime number?
True
Is 597853 composite?
False
Is 452491 composite?
True
Is 903211 composite?
False
Is 82867 prime?
False
Is 2053 a composite number?
False
Is 85487 a prime number?
True
Is 9797 a composite number?
True
Is 133 a prime number?
False
Is 27179 composite?
False
Is 39749 a composite number?
False
Is 29741 composite?
False
Is 8263 a prime number?
True
Is 247 a prime number?
False
Is 655373 a composite number?
False
Is 77489 a prime number?
True
Is 342791 composite?
False
Is 353963 composite?
False
Is 24711 a composite number?
True
Is 1901 a prime number?
True
Is 4861 a composite number?
False
Is 11393 a prime number?
True
Is 104581 composite?
True
Is 1003263 a prime number?
False
Is 368237 prime?
False
Is 52007 a composite number?
True
Is 39751 prime?
False
Is 473833 a prime number?
True
Is 33871 composite?
False
Is 1887493 a prime number?
False
Is 9166 prime?
False
Is 1932797 composite?
False
Is 1517 a prime number?
False
Is 3755 composite?
True
Is 375899 composite?
False
Is 14491 a composite number?
True
Is 1541 composite?
True
Is 3619583 prime?
False
Is 133817 a prime number?
False
Is 34583 composite?
False
Is 34757 a composite number?
False
Is 57751 composite?
False
Is 48731 composite?
False
Is 3307 a prime number?
True
Is 186323 composite?
True
Is 191339 composite?
False
Is 6019 prime?
False
Is 16795 a prime number?
False
Is 132329 composite?
False
Is 66911 prime?
False
Is 103007 prime?
True
Is 116953 prime?
True
Is 4451 a prime number?
True
Is 1637 prime?
True
Is 50707 prime?
True
Is 1603489 composite?
False
Is 121729 composite?
True
Is 1438 a composite number?
True
Is 38821 prime?
True
Is 6007 prime?
True
Is 490087 prime?
False
Is 73415 composite?
True
Is 3418 prime?
False
Is 2389 a prime number?
True
Is 36599 composite?
False
Is 11189 a composite number?
True
Is 385877 a prime number?
True
Is 10061 a composite number?
False
Is 17273 prime?
False
Is 1201519 a composite number?
True
Is 791 a composite number?
True
Is 979 a composite number?
True
Is 82183 composite?
False
Is 17777 a composite number?
True
Is 13591 a prime number?
True
Is 111599 prime?
True
Is 32267 composite?
True
Is 104227 a composite number?
True
Is 42277 a prime number?
False
Is 47491 prime?
True
Is 21059 a prime number?
True
Is 2088881 prime?
True
Is 42523 composite?
True
Is 807617 a composite number?
True
Is 46967 a composite number?
True
Is 12371 a composite number?
True
Is 247859 a composite number?
True
Is 76943 a prime number?
True
Is 356351 a prime number?
True
Is 215581 prime?
False
Is 78749 composite?
True
Is 39359 prime?
True
Is 78779 a composite number?
False
Is 391447 a prime number?
False
Is 1158217 prime?
True
Is 254263 composite?
True
Is 925393 prime?
False
Is 24691 prime?
True
Is 592021 prime?
False
Is 12187 a prime number?
False
Is 2281 a prime number?
True
Is 55489 a composite number?
True
Is 68639 a prime number?
True
Is 15919 a composite number?
False
Is 172451 composite?
True
Is 5557 composite?
False
Is 213247 prime?
True
Is 15359 composite?
False
Is 5779 composite?
False
Is 10133 composite?
False
Is 6521 a prime number?
True
Is 5953 prime?
True
Is 2245 a composite number?
True
Is 1763159 composite?
False
Is 49499 a composite number?
False
Is 6337 a prime number?
True
Is 152161 composite?
True
Is 13521 a composite number?
True
Is 108863 a prime number?
True
Is 15869 a composite number?
True
Is 55565 a composite number?
True
Is 16979 a composite number?
False
Is 19697 prime?
True
Is 1398107 composite?
False
Is 673 composite?
False
Is 2605 a composite number?
True
Is 177847 a composite number?
True
Is 673 composite?
False
Is 137771 a composite number?
False
Is 288283 a composite number?
False
Is 1011163 composite?
False
Is 68065 a composite number?
True
Is 708863 composite?
True
Is 9115 a prime number?
False
Is 1381 a prime number?
True
Is 108761 a prime number?
True
Is 149869 a composite number?
True
Is 27037 a prime number?
False
Is 3643 prime?
True
Is 18859 a prime number?
True
Is 170627 a prime number?
True
Is 553 composite?
True
Is 676031 prime?
True
Is 3035 a prime number?
False
Is 4103 prime?
False
Is 110681 a composite number?
False
Is 749 a composite number?
True
Is 10993 composite?
False
Is 303749 a composite number?
False
Is 18587 composite?
False
Is 2026391 a composite number?
False
Is 79 a composite number?
False
Is 3602735 prime?
False
Is 299654 composite?
True
Is 91763 prime?
False
Is 238067 a prime number?
False
Is 195061 prime?
False
Is 45905 a prime number?
False
Is 36845 a prime number?
False
Is 472963 prime?
True
Is 189079 a composite number?
True
Is 171617 a composite number?
False
Is 6161 a composite number?
True
Is 116239 composite?
False
Is 27373 composite?
True
Is 9263 composite?
True
Is 539867 prime?
False
Is 31139 prime?
True
Is 82651 a prime number?
True
Is 870797 prime?
False
Is 379 composite?
False
Is 422681 composite?
True
Is 664435 a prime number?
False
Is 11387 composite?
True
Is 217 a composite number?
True
Is 52853 a composite number?
True
Is 36503 prime?
False
Is 1213 a prime number?
True
Is 194399 composite?
True
Is 8923 a prime number?
True
Is 456697 a prime number?
True
Is 90583 a prime number?
True
Is 231379 a prime number?
True
Is 1034551 a composite number?
True
Is 919 a prime number?
True
Is 92711 a prime number?
False
Is 15809 a prime number?
True
Is 1142269 composite?
False
Is 34913 prime?
True
Is 9967 a composite number?
False
Is 1229 a composite number?
False
Is 2991 prime?
False
Is 28669 composite?
False
Is 1171 a composite number?
False
Is 17693 composite?
True
Is 563543 composite?
False
Is 458477 a composite number?
False
Is 49061 a prime number?
False
Is 137999 a prime number?
True
Is 44771 a prime number?
True
Is 50219 a composite number?
True
Is 3137 a composite number?
False
Is 19001 prime?
True
Is 10951 prime?
False
Is 522157 a composite number?
False
Is 285253 a prime number?
False
Is 2159 a composite number?
True
Is 3287 a composite number?
True
Is 238861 composite?
True
Is 2173 a composite number?
True
Is 1006331 a prime number?
True
Is 394903 a prime number?
False
Is 288371 a prime number?
False
Is 24238 a prime number?
False
Is 2437 prime?
True
Is 417283 a prime number?
True
Is 15581 composite?
False
Is 53401 a composite number?
False
Is 62773 prime?
True
Is 146273 a composite number?
False
Is 371347 a composite number?
True
Is 937331 prime?
True
Is 310223 a prime number?
True
Is 62177 a prime number?
False
Is 1196485 a prime number?
False
Is 8051 a prime number?
False
Is 4896059 a prime number?
False
Is 72113 a prime number?
False
Is 227747 a composite number?
True
Is 2163919 composite?
False
Is 415331 a composite number?
True
Is 797057 prime?
True
Is 13829 prime?
True
Is 4